p = -41*p + 1472. What is the remainder when 1148 is divided by p?
44
Let i = 79 + -66. Suppose 3*s = -3*n - s + 104, -s + 5 = 0. Suppose o + 5*k = 4*o - 47, 0 = -2*o + 4*k + n. Calculate the remainder when o is divided by i.
11
Let l = 32 + -16. Suppose 2*n + 194 = 4*b, 0 = 2*b + l*n - 21*n - 117. What is the remainder when b is divided by 8?
6
Let h be (-1)/1*(-6 + 5). Calculate the remainder when 81 is divided by ((6/15)/h)/(1/70).
25
Let c(y) = y**3 + 2*y**2 + y - 4. Let n be c(-3). Let t be (n/(-10))/((-3)/30). Calculate the remainder when 33 is divided by (1 - 10)*t/12.
9
Let g(l) = 2*l**2 + 3*l + 1. Let u be g(-4). Suppose u = 3*p - 0*p. Suppose 1 - p = -3*w, 0 = 3*r - w - 58. Calculate the remainder when r is divided by 11.
9
Suppose -2*b - 3 = -3*o, -o + b = -4*b - 1. Suppose -h - 14 = -3*h. Let v = h - 6. What is the remainder when v is divided by o?
0
Suppose -4*h + 18 = v, -6 = -4*h + 4*v + 22. Calculate the remainder when 47 is divided by h.
2
Let l be 15/2*(-8)/(-12). Let b = l - -6. Suppose 5*d + 5*r + 40 = 340, r + 4 = 0. Calculate the remainder when d is divided by b.
9
Let h(l) be the third derivative of l**5/60 - 2*l**4/3 + 8*l**3/3 + 2*l**2. Let r be h(15). What is the remainder when 23 + r - (6 - 5) is divided by 12?
11
Let m(y) = -y**2 - 18*y - 3. Let x be m(-18). Calculate the remainder when 58 is divided by (x - -6) + 19 - 2.
18
Suppose 3*x = o - 15, 2 = -3*x - 7. Suppose w = -2*p + 39, -o*p = -p + 2*w - 96. Let n = 10296 - 10288. Calculate the remainder when p is divided by n.
2
Suppose 0 = 11*d - 10*d - 2. Suppose r = -2*k + 1, 0 = -r + d*r - k - 16. Calculate the remainder when 30 is divided by r.
8
Suppose -d + 5*d - 28 = 0. Let a(i) = -i**3 + 7*i**2 + 9*i - 1. What is the remainder when a(d) is divided by (-3)/(-12) + 63/4?
14
Suppose -2*v + 8 = -38. Let b = 30 - v. What is the remainder when b is divided by 5?
2
Let a(x) = x**3 + 6*x**2 - 7*x - 15. What is the remainder when 130 is divided by a(-6)?
22
Suppose -547*n + 22792 = -510*n. What is the remainder when n is divided by 39?
31
Suppose -8*b + 6*b = -32. Calculate the remainder when 93 is divided by b.
13
Let f(k) = 13*k - 200. Calculate the remainder when f(23) is divided by 34.
31
What is the remainder when 75 is divided by 3*(10/(-12))/(15/(-60))?
5
Let p = 1645 - 1562. What is the remainder when 1244 is divided by p?
82
Let b(z) = -22*z**2 + 0*z + 0*z + 1 + 74*z**2. Calculate the remainder when b(-1) is divided by 9.
8
Suppose 60 = 3*s - 5*x, 3*x - 5 = -2*s + 54. Let p = -11 - -25. What is the remainder when s is divided by p?
11
Suppose 11 = 2*p - y, 0 = 11*y - 14*y + 3. What is the remainder when 311 is divided by p?
5
Let m = -4 - -6. Let q(d) = 5*d**2 - 26*d + 10. Let u(i) = 3*i**2 - 17*i + 7. Let s(v) = -5*q(v) + 8*u(v). What is the remainder when s(-6) is divided by m?
0
What is the remainder when 3 - (-4 + 5) - -26 is divided by 3?
1
Let o = 77 - 64. Suppose 5*k + o*k = 270. What is the remainder when k is divided by 12?
3
Let d(p) = -3*p**2 + 4*p + 2*p**2 + 0*p + 8. Calculate the remainder when 11 is divided by d(5).
2
Calculate the remainder when 163 is divided by ((-2)/(-3))/(258/(-90) - -3).
3
Let j = 13 - 11. Suppose 0 = j*p - 48 - 6. What is the remainder when p is divided by 9/(-6)*14/(-3)?
6
Suppose 0 = w + 53 - 17. Let f = w - -61. Calculate the remainder when 94 is divided by f.
19
Let l(t) = t**2 + 5*t + 7. Let y(z) = 6*z**3 + 2*z**2 + z. Let u be y(-1). Calculate the remainder when l(u) is divided by 8/(-14)*(-56)/16.
1
Suppose 8 = -3*f + 7*f. Calculate the remainder when (-3 - 0) + 1 - (-15 - -9) is divided by f.
0
Let s be ((-3)/2)/(5/10). What is the remainder when 38 is divided by s/(0 - (-15)/(-40))?
6
Let c(s) = -s**2 - 6*s. Let b be c(-5). Suppose -4900 = b*d - 0*d. Calculate the remainder when d/(-45) + 2/9 is divided by 8.
6
What is the remainder when (-28)/3*(-315)/140 is divided by 8?
5
Let c(l) = 38*l + 292. Calculate the remainder when c(-5) is divided by 13.
11
Let f = -422 - -552. Calculate the remainder when 394 is divided by f.
4
Suppose 3*k + 39 + 15 = 0. Let r = k + 31. Calculate the remainder when r is divided by 5.
3
Suppose 0 = 8*m - 9*m + 385. Calculate the remainder when 30/((-11)/(m/(-10))) is divided by 27.
24
Suppose -5*s - n + 526 = 0, 3*n = -9*s + 12*s - 312. What is the remainder when s is divided by 27?
24
Suppose -3*q = 0, -4*x + 3*q = -2*x - 8. Suppose 2436 = -x*y - 2*h, -y - 63 = -5*h + 535. What is the remainder when (-6)/(-4)*y/(-48) is divided by 10?
9
Let k(w) = -4*w**3 - w**2 - 12*w - 32. What is the remainder when k(-5) is divided by 23?
20
Suppose 3*q = 6, -x + 22 = 4*x + q. Suppose -t = -x*t + 105. Let r = -20 + t. Calculate the remainder when 56 is divided by r.
11
Suppose 0 = 2*c - 276 - 60. Suppose 244 = 7*m + 3*p, -5*m + 37*p - 33*p = -162. What is the remainder when c is divided by m?
32
Let f(a) = -a**3 - 8*a**2 - 19*a - 202. Let w be (-1)/((-15)/(-18) - 1). Suppose -3*k = -w*k + 39. What is the remainder when f(-9) is divided by k?
11
Suppose -10 = -2*y + 2*q, -5*y + 5*q + 18 = -y. Let c(l) = 18*l + 19 - 12*l - 8*l. What is the remainder when c(0) is divided by y?
5
What is the remainder when 17866/16 - (-84)/224 is divided by 20?
17
Calculate the remainder when (51 - 52)/(2/(-56)) is divided by 10.
8
Suppose -2*u + 4*p + 6 = -0*p, 3*u = 5*p + 4. Calculate the remainder when 144 is divided by ((7 - -1) + u)/(1/30).
24
Let u be (-3)/(-1) - (1 - 3). Let r = -10 + 16. Suppose 2*x - r = 0, 5*z - 5 = -0*z + u*x. Calculate the remainder when z is divided by 2.
0
Suppose 0 = -25*h + 3964 + 961. What is the remainder when h is divided by 67?
63
Suppose 2*p = -2*r + 16, -p + 2*r = -4*p + 28. Let x = 19 - p. Calculate the remainder when 15 is divided by x.
1
Suppose 3*g + 3*n - 66 = -0*n, -3 = -3*n. Suppose g + 3 = 4*a. What is the remainder when a is divided by 4?
2
Suppose 5*y = 14 - 4. Let g(b) = 1 - 13 - 11*b + 0*b - b**y. What is the remainder when 23 is divided by g(-8)?
11
Suppose 2*q - 2*r - 66 = -r, -q - 3*r + 19 = 0. Calculate the remainder when 43 is divided by q.
12
Let k be (75/(-10))/(-5)*2. Suppose -77 = k*n - 284. Let b = n - 48. What is the remainder when b is divided by 11?
10
Let w(q) = 3*q**2 - 6*q + 4. Let r be w(2). Suppose -4*v = 5*z - 2*v - 572, r*z - 5*v = 451. Calculate the remainder when z is divided by 29.
27
Suppose -6 = 4*k - 70. Suppose -21*s + k*s = -230. What is the remainder when s is divided by 12?
10
Let q = -28 + 98. Calculate the remainder when q is divided by 24.
22
Suppose 63*g - 4846 = 5297. What is the remainder when g is divided by 78?
5
Let h = 44 - 80. Let f = h - -71. Calculate the remainder when f is divided by 18.
17
Suppose -24*z + 66 = -23*z. Calculate the remainder when 191 is divided by z.
59
Suppose -2*g + 38 = -28. Suppose -2*q + 2 = -16. Suppose 0 = -3*j - 3*y + 33, -q = -j - 4*y + y. What is the remainder when g is divided by j?
9
Let u = -47 - -34. Calculate the remainder when -73*(-9)/39 + (-2)/u is divided by 5.
2
Suppose 77*w - 460 = 67*w. What is the remainder when 459 is divided by w?
45
Let h = 474 - 464. Calculate the remainder when 59 is divided by h.
9
Let x(f) = -56*f**3 + 2*f**2 + 3*f + 1. Let o be x(-1). Suppose -o = -3*j - 5*t - 14, -2*t + 51 = 5*j. What is the remainder when 5 is divided by (3/j + 0)*3?
0
What is the remainder when 382 is divided by 480/(-64)*(28/6)/(-1)?
32
Let t be ((-1)/((-4)/(-18)))/((-12)/176). Let o = 116 - t. Calculate the remainder when 96 is divided by o.
46
Suppose -4 = 3*s - 5*a, 5*a - 16 = -4*s + 2. What is the remainder when 90/4 - 1/s is divided by (-3)/(-2 - -5) - -9?
6
Let k(z) = 7*z - 1. Let q be k(-5). Let u = -18 - q. Calculate the remainder when u is divided by 11.
7
Suppose -16*p + 3135 = 3*p. What is the remainder when p is divided by 5?
0
Suppose 2*c - z - 31 = 0, 2*c + 41*z - 33 = 40*z. What is the remainder when 141 is divided by c?
13
Suppose 25*k = 49*k - 792. What is the remainder when k is divided by 31?
2
Suppose 10*u = 2*u. Let f = 16 - u. What is the remainder when 30 is divided by f?
14
Let x(u) = u**3 + 38. Let b(j) = -j**2 - 5*j - 6. Let g be b(-3). Suppose 0 = -g*c + c - 8. Calculate the remainder when x(0) is divided by c.
6
Let p = 850 + -663. What is the remainder when